 5. Let h(p) = 8*p - 3. Let a(c) = -7*h(c) + 4*o(c). Let b be 3 + -1 + -1 + -1. Let j(k) = 6*k + 2. Let s be j(b). Calculate a(s).
9
Let q(k) = -k**3 + 10*k**2 - 9. Let b(w) = -1. Let l(d) = d - 3. Let u(a) = -5*b(a) + 2*l(a). Let n be u(8). Let t = 25 - n. Determine q(t).
-9
Suppose 0 = -32*x - 77*x + 872. Let o be 2*1*-2*-1. Let k(t) = o*t - 2*t - 12 + 0*t. Give k(x).
4
Let t = -11 + 11. Let k = 75 - 68. Let o(c) = 7*c - 25. Let q(h) = 12*h - 50. Let a(u) = k*o(u) - 4*q(u). What is a(t)?
25
Suppose 0 = 16*t - 38*t + 66. Let y(c) = -c**2 - c - 4 + 4*c**3 + 10 + 14*c**t - 7. Calculate y(-1).
-19
Let n(f) be the second derivative of -f**4/12 + f**3/2 - 2*f**2 - 20*f. Let x(m) = m**3 - 12*m**2 - 32*m - 5. Let a be x(-2). What is n(a)?
-4
Let r(o) = -o**2 + 3*o + 97. Suppose 0*i - 3*i = 0, -2*m + 3*i + i = 16. What is r(m)?
9
Let k(t) be the first derivative of 2*t**3/3 + 15*t**2/2 + 21*t - 4260. Suppose 3*f - 2*f + 6 = 0. What is k(f)?
3
Let j(l) = -l**3 - 10*l**2 - 9*l + 5. Let r = -672 + 661. Let w(c) = 2*c**3 + 24*c**2 + 23*c + 2. Let n be w(r). Calculate j(n).
5
Let t(p) = -5 + 5 - 6*p + 188*p**2 - 189*p**2 + 11. What is t(-9)?
-16
Let j be (-43 + 52)*(12/9 - 2). Let z(y) = 0*y**2 - 2*y + 9*y + y**2 - 6. Calculate z(j).
-12
Suppose -4*t = 3*u + 9, 4*u + 19 - 7 = -2*t. Let w(x) = -5*x - 2. Determine w(t).
-2
Let d(n) = 4*n. Suppose -3*h = -3*m + 3, -16*m + 20*m - 2*h = 6. Suppose 0 = -4*f - 5*s + 2*s + 8, 2*f = m*s + 18. Give d(f).
20
Let b(w) = -10*w**2 - 5001 + 5001. Determine b(1).
-10
Suppose 46*h + 0*h - 46 = 0. Let x(s) be the third derivative of 2*s**4/3 - s**3/6 + 3*s**2. Determine x(h).
15
Let l(k) = k**2 + 2*k - 49. Let b be (1 - -4)*852/710. What is l(b)?
-1
Let i(s) = -5*s + 1. Suppose -18*q - 203 = 2*n - 19*q, -2*n - 185 = 5*q. Let k = -98 - n. Determine i(k).
-9
Let x(o) = -o**3 + o**2. Let k(b) = 7*b**3 - 11*b**2 - 10*b + 21. Let j(d) = k(d) + 6*x(d). Suppose -5*c + 26 = r, 5*r + 68 - 54 = -c. What is j(c)?
-3
Suppose -722 = 370*o - 457 + 1215. Let w(i) = 2*i + 1 - i - 6. Give w(o).
-9
Let n(m) be the first derivative of m**3/3 + m**2 - 8*m + 1372. Calculate n(-6).
16
Suppose -3*m + k + 5 = 0, 0 = 2*m - 0*m + 4*k - 22. Let d(p) = p + 5*p**2 - 7*p**2 + m*p**2. Suppose -3*u = 4*s + u, 3*s + 5*u = 4. What is d(s)?
2
Let q(j) = j**2 - 6*j + 7. Let h be q(3). Let t(d) be the first derivative of -2*d**2 + 1/3*d**3 - 4 - 3*d. Determine t(h).
9
Let m(q) = -q**3 + 7*q**2 + 18*q + 3. Let g be m(9). Suppose 0 = -g*j + 4*x - 25 + 14, 8 = -2*j + 3*x. Let w(n) = 2*n - 1. Calculate w(j).
-3
Let j(z) = -z + 6. Let k be j(-6). Suppose 5*a + k + 28 = 0. Let s(d) = 4 - 5*d - 4*d - 8*d - 2*d + 20*d. Calculate s(a).
-4
Let s(a) be the first derivative of a**3/3 + a - 8. Let d(p) = -3*p**2 + 10*p**3 - 4 - 4*p**3 - 3*p**3 + 7*p**3. Let x(r) = d(r) + 3*s(r). Determine x(1).
9
Let i = 102 - 92. Suppose 4*n - 5*n = 3*z - 10, i = 5*z. Let o(w) = -w + 4*w**2 + n*w**2 - 7*w**2. What is o(1)?
0
Let r(w) = 2*w + 8. Suppose 2*u = -c - 1, -3*u - 49*c = -46*c + 6. Give r(u).
10
Suppose -2*c + 3*c = 7*c. Suppose c = -q - 3*t - 13, -5*t + 14 = -q + 41. Let n(p) = p - p**3 - 9 - 6*p - 5*p + 3*p - 7*p**q. What is n(-6)?
-3
Let t(r) be the first derivative of r**2/2 + 14*r + 1384. What is t(-17)?
-3
Let l(n) = 2. Let g = 72 - 75. Let f(r) = r - 9. Let z(d) = g*l(d) - f(d). Calculate z(6).
-3
Suppose 273*l - 1123 + 304 = 0. Let u(s) = -4*s**3 + 3*s**2 + s - 2. What is u(l)?
-80
Let s(d) = 2*d**2 + 30*d - 23. Let a(v) = 3*v**2 + 29*v - 23. Let w(k) = 4*a(k) - 5*s(k). Give w(16).
-9
Let f(n) be the second derivative of -47*n**3/6 - 3*n**2/2 - 1990*n + 1. Calculate f(1).
-50
Let u be 6 - (1 - -3) - -4. Let o(l) = -3 - 23*l**2 - 3*l**3 + 28*l**2 + 2*l**3 - 4 + 8*l. Determine o(u).
5
Let h(m) = 5*m**2 - 80*m - 386. Let r(p) = -3*p**2 + 54*p + 258. Let v(z) = -5*h(z) - 8*r(z). Give v(-27).
1
Let k(r) = 2*r**2 + 42*r - 8. Let p = 5199 + -5219. Calculate k(p).
-48
Let d(h) be the third derivative of -h**6/120 - 19*h**5/60 - 3*h**3/2 - 1241*h**2 + 1. Calculate d(-19).
-9
Suppose 10 + 36 = 23*o. Suppose -w + o*c - 12 = 0, 29*w - c - 38 = 34*w. Let b(q) be the first derivative of q**2 + 10*q + 1. What is b(w)?
-6
Let v(g) = 6012*g + 6031*g - 12020*g + 10. What is v(-4)?
-82
Let f(i) = 133 - 1323*i + 1322*i - 103. What is f(9)?
21
Suppose 2*x + 0 = 4. Suppose -o + 3 = -x. Let z(n) = -14 + n + 0*n - 7*n + o*n. Calculate z(-8).
-6
Let o(k) be the second derivative of -17*k**4/6 - k**3/6 + k**2 - 1851*k. What is o(1)?
-33
Let j(z) be the third derivative of 3/20*z**5 + 0 - 1/120*z**6 + 0*z - 3/8*z**4 - 94*z**2 - 7/6*z**3. What is j(7)?
28
Let l(k) = -4 - 9 - k**2 + 38*k - 16*k - 9*k. Determine l(3).
17
Let b(y) be the third derivative of y**5/30 - y**4/12 + y**3/3 - 3774*y**2 + y. Give b(1).
2
Let d(q) = 2*q + 10. Let n(w) = 18*w - 11. Let r(i) = -2*d(i) + n(i). What is r(2)?
-3
Let q = -48 + 53. Let v(u) = u**2 - 3*u - 13. Let z be v(q). Let a(b) = -3*b + 3. Calculate a(z).
12
Suppose 2*r + 36 = -4. Let l = r - -16. Let y(m) be the first derivative of m**2/2 - 2*m + 45. Give y(l).
-6
Suppose -136 = 4*y - 4*b + 164, 81 = -y - 5*b. Let i be 1/((-2)/y*2). Suppose -4*x + 1 + i = 0. Let j(h) = h**3 - 6*h**2 + 4*h + 3. Determine j(x).
-2
Let v(j) = 6*j + 8. Let i be 22/33 - ((-58)/(-21) + (-2)/21). Calculate v(i).
-4
Let b(x) = 32*x - 1192. Let i be b(37). Let c(n) = 3*n + 1. Calculate c(i).
-23
Let r(t) = -19 - 3*t**2 + 29 + 26 - 5 + 18. Let x be r(-4). Let j(c) = -6*c + 4. What is j(x)?
-2
Let t(f) = -f**3 + 10*f**2 + f - 2. Let u = 3972 + -3962. Give t(u).
8
Let x(j) = -j. Let h(m) = 12*m + 9. Let b(a) = h(a) + 9*x(a). Calculate b(-4).
-3
Let y(g) be the third derivative of 1/60*g**5 - g**3 + 5*g**2 + 1/12*g**4 + 0*g + 0. Let c = 51 - 57. Give y(c).
18
Let n(a) be the second derivative of a**4/12 - 19*a**3/6 + 19*a**2 + 1304*a + 2. Calculate n(18).
20
Let y(b) = 4*b**3 - b**2 - 20*b + 7. Let z(m) = -m**3 - m**2 + 3*m - 1. Let g(r) = -y(r) - 5*z(r). Give g(-5).
-2
Let r be (-602)/(-56) - (-1)/4. Suppose -r*a - 27 = 61. Let z(b) = -b**3 - 7*b**2 + 8*b - 3. Give z(a).
-3
Suppose -42521*m + 3315 = -42436*m. Let g(w) be the first derivative of -1/3*w**3 + m + 8*w - 6*w**2. Determine g(-13).
-5
Let o = 45 - 31. Let n(j) = -1 + 3*j - o*j - 6 + 13*j. Give n(5).
3
Let v(t) = 2*t**2 + 3*t - 41. Let q(x) = x**3 - 26*x**2 - 312*x + 32. Let s be q(-9). Calculate v(s).
24
Let h(c) = 44 - 11*c - 33*c + 6*c + 46 - 8*c. Calculate h(2).
-2
Let y = 128 + -121. Suppose -y*t + 1 + 6 = 0. Let f(r) = 5*r. Determine f(t).
5
Suppose 0 = 12*r + 72 - 684. Let m = 49 - r. Let z(w) be the third derivative of -w**6/120 - w**5/20 - w**4/12 + w**3/3 + w**2. Calculate z(m).
2
Let d(a) = 12*a - 173. Let n(k) = k**2 + 41*k + 162. Let v be n(-4). Determine d(v).
-5
Let l(w) be the third derivative of w**6/120 + w**5/12 + 5*w**4/12 + 4*w**3/3 - 4*w**2 - 2*w - 12. Give l(-4).
-16
Let a be 30/(-4)*(-8)/12. Suppose 0 = -5*f - 4*p + 20, -a*f + 45 = 2*p - 3*p. Let w(v) = v - 3. What is w(f)?
5
Let a(y) = -y**3 - 5*y**2 + 4*y - 8. Let x(c) = c + 2. Let g(z) = -z**3 - z**2 + 2*z + 11. Let r be g(5). Let s = 121 + r. Let j be x(s). Calculate a(j).
4
Let h(p) = 4 - 1 + p**2 + 0 - p + 8*p. Let o(v) = 9*v - 13. Let a be o(17). Let t = a - 146. What is h(t)?
-3
Let x(f) be the third derivative of f**6/120 + f**5/5 - 7*f**4/24 + 83*f**3/6 + 96*f**2. Let a be x(-13). Let j(v) = -v**3 + 7*v**2 - 7*v + 2. What is j(a)?
17
Suppose 3*c - 16 = q, -52*q + 55*q + 4*c + 74 = 0. Let x(s) = -s**3 - 21*s**2 + 16*s - 138. Calculate x(q).
-6
Let s(g) = 4*g**3 + 2*g + 1. Let d(f) = f**2 - 64*f + 404. Let h be d(7). Suppose -5*o + a - 7 = 0, -63*o = -67*o + a - h. Give s(o).
-35
Let k(z) = -29*z + 50. Let a(l) = -57*l + 108. Let j(i) = 5*a(i) - 9*k(i). What is j(4)?
-6
Let i be -1*(-8)/(-2) - 0. Let s(r) = 20*r + 7. Suppose 0 = d + 5*z - 14, d + 489 = -2*z + 500. Let c(p) = 9*p + 3. Let y(u) = d*c(u) + i*s(u). Determine y(-1).
-2
Suppose 5*n - 4*a + 7 + 72 = 0, 0 = 3*n + 4*a + 41. Let u(q) = q**3 + 15*q**2 + 2*q + 19. Give u(n).
-11
Let r(f) = -f**3 + 7*f**2 - 2*f - 10. Let z(j) = -j**2 - 9*j - 3. Let a be z(-8). Let q be r(a). Suppose -13*p + 7*p - q = 0. Let n(k) = k - 5. Calculate n(p).
-10
Let d be ((-9)/(-12))/((-30)/1100*-5). Let s(y) be